[INFO] fetching crate opentelemetry_sdk 0.19.0...
[INFO] checking opentelemetry_sdk-0.19.0 against master#e6e4f7ed1589e03bc2f6c5931c1a72e7947e8682 for beta-170-4
[INFO] extracting crate opentelemetry_sdk 0.19.0 into /workspace/builds/worker-5-tc2/source
[INFO] validating manifest of crates.io crate opentelemetry_sdk 0.19.0 on toolchain e6e4f7ed1589e03bc2f6c5931c1a72e7947e8682
[INFO] running `Command { std: CARGO_HOME="/workspace/cargo-home" RUSTUP_HOME="/workspace/rustup-home" "/workspace/cargo-home/bin/cargo" "+e6e4f7ed1589e03bc2f6c5931c1a72e7947e8682" "metadata" "--manifest-path" "Cargo.toml" "--no-deps", kill_on_drop: false }`
[INFO] started tweaking crates.io crate opentelemetry_sdk 0.19.0
[INFO] finished tweaking crates.io crate opentelemetry_sdk 0.19.0
[INFO] tweaked toml for crates.io crate opentelemetry_sdk 0.19.0 written to /workspace/builds/worker-5-tc2/source/Cargo.toml
[INFO] running `Command { std: CARGO_HOME="/workspace/cargo-home" RUSTUP_HOME="/workspace/rustup-home" __CARGO_TEST_CHANNEL_OVERRIDE_DO_NOT_USE_THIS="nightly" "/workspace/cargo-home/bin/cargo" "+e6e4f7ed1589e03bc2f6c5931c1a72e7947e8682" "generate-lockfile" "--manifest-path" "Cargo.toml" "-Zno-index-update", kill_on_drop: false }`
[INFO] running `Command { std: CARGO_HOME="/workspace/cargo-home" RUSTUP_HOME="/workspace/rustup-home" "/workspace/cargo-home/bin/cargo" "+e6e4f7ed1589e03bc2f6c5931c1a72e7947e8682" "fetch" "--manifest-path" "Cargo.toml", kill_on_drop: false }`
[INFO] running `Command { std: "docker" "create" "-v" "/var/lib/crater-agent-workspace/builds/worker-5-tc2/target:/opt/rustwide/target:rw,Z" "-v" "/var/lib/crater-agent-workspace/builds/worker-5-tc2/source:/opt/rustwide/workdir:ro,Z" "-v" "/var/lib/crater-agent-workspace/cargo-home:/opt/rustwide/cargo-home:ro,Z" "-v" "/var/lib/crater-agent-workspace/rustup-home:/opt/rustwide/rustup-home:ro,Z" "-e" "SOURCE_DIR=/opt/rustwide/workdir" "-e" "CARGO_TARGET_DIR=/opt/rustwide/target" "-e" "CARGO_HOME=/opt/rustwide/cargo-home" "-e" "RUSTUP_HOME=/opt/rustwide/rustup-home" "-w" "/opt/rustwide/workdir" "-m" "1610612736" "--user" "0:0" "--network" "none" "ghcr.io/rust-lang/crates-build-env/linux@sha256:19e73879b68f455e41552ea35293514db52ea292d993f571636dbffedb77a1ee" "/opt/rustwide/cargo-home/bin/cargo" "+e6e4f7ed1589e03bc2f6c5931c1a72e7947e8682" "metadata" "--no-deps" "--format-version=1", kill_on_drop: false }`
[INFO] [stdout] 66ee5b2e4c46c077fa3e676ef1083a174409492cda73d0aa4bac7d4b9931fafb
[INFO] running `Command { std: "docker" "start" "-a" "66ee5b2e4c46c077fa3e676ef1083a174409492cda73d0aa4bac7d4b9931fafb", kill_on_drop: false }`
[INFO] running `Command { std: "docker" "inspect" "66ee5b2e4c46c077fa3e676ef1083a174409492cda73d0aa4bac7d4b9931fafb", kill_on_drop: false }`
[INFO] running `Command { std: "docker" "rm" "-f" "66ee5b2e4c46c077fa3e676ef1083a174409492cda73d0aa4bac7d4b9931fafb", kill_on_drop: false }`
[INFO] [stdout] 66ee5b2e4c46c077fa3e676ef1083a174409492cda73d0aa4bac7d4b9931fafb
[INFO] running `Command { std: "docker" "create" "-v" "/var/lib/crater-agent-workspace/builds/worker-5-tc2/target:/opt/rustwide/target:rw,Z" "-v" "/var/lib/crater-agent-workspace/builds/worker-5-tc2/source:/opt/rustwide/workdir:ro,Z" "-v" "/var/lib/crater-agent-workspace/cargo-home:/opt/rustwide/cargo-home:ro,Z" "-v" "/var/lib/crater-agent-workspace/rustup-home:/opt/rustwide/rustup-home:ro,Z" "-e" "SOURCE_DIR=/opt/rustwide/workdir" "-e" "CARGO_TARGET_DIR=/opt/rustwide/target" "-e" "CARGO_INCREMENTAL=0" "-e" "RUST_BACKTRACE=full" "-e" "RUSTFLAGS=--cap-lints=forbid" "-e" "RUSTDOCFLAGS=--cap-lints=forbid" "-e" "CARGO_HOME=/opt/rustwide/cargo-home" "-e" "RUSTUP_HOME=/opt/rustwide/rustup-home" "-w" "/opt/rustwide/workdir" "-m" "1610612736" "--user" "0:0" "--network" "none" "ghcr.io/rust-lang/crates-build-env/linux@sha256:19e73879b68f455e41552ea35293514db52ea292d993f571636dbffedb77a1ee" "/opt/rustwide/cargo-home/bin/cargo" "+e6e4f7ed1589e03bc2f6c5931c1a72e7947e8682" "check" "--frozen" "--all" "--all-targets" "--message-format=json", kill_on_drop: false }`
[INFO] [stdout] bb4ad334f2754ccca7cdef572d5231e21f4fe539d432c4277ef0d2c78be9df90
[INFO] running `Command { std: "docker" "start" "-a" "bb4ad334f2754ccca7cdef572d5231e21f4fe539d432c4277ef0d2c78be9df90", kill_on_drop: false }`
[INFO] [stderr]    Compiling futures-core v0.3.28
[INFO] [stderr]    Compiling serde v1.0.163
[INFO] [stderr]    Compiling indexmap v1.9.3
[INFO] [stderr]    Compiling libm v0.2.7
[INFO] [stderr]    Compiling num-traits v0.2.15
[INFO] [stderr]    Compiling futures-util v0.3.28
[INFO] [stderr]    Compiling futures-macro v0.3.28
[INFO] [stderr]     Checking futures-sink v0.3.28
[INFO] [stderr]    Compiling thiserror-impl v1.0.40
[INFO] [stderr]    Compiling async-trait v0.1.68
[INFO] [stderr]     Checking ciborium-io v0.2.1
[INFO] [stderr]     Checking os_str_bytes v6.5.0
[INFO] [stderr]     Checking clap_lex v0.2.4
[INFO] [stderr]     Checking ciborium-ll v0.2.1
[INFO] [stderr]     Checking futures-channel v0.3.28
[INFO] [stderr]     Checking rand v0.8.5
[INFO] [stderr]    Compiling crossbeam-queue v0.3.8
[INFO] [stderr]     Checking textwrap v0.16.0
[INFO] [stderr]     Checking criterion-plot v0.5.0
[INFO] [stderr]     Checking clap v3.2.25
[INFO] [stderr]     Checking anes v0.1.6
[INFO] [stderr]     Checking plotters v0.3.4
[INFO] [stderr]     Checking rand_distr v0.4.3
[INFO] [stderr]     Checking thiserror v1.0.40
[INFO] [stderr]     Checking serde_json v1.0.96
[INFO] [stderr]     Checking ciborium v0.2.1
[INFO] [stderr]     Checking bincode v1.3.3
[INFO] [stderr]     Checking futures-executor v0.3.28
[INFO] [stderr]     Checking opentelemetry_api v0.19.0
[INFO] [stderr]     Checking tinytemplate v1.2.1
[INFO] [stderr]     Checking criterion v0.4.0
[INFO] [stderr]     Checking opentelemetry_sdk v0.19.0 (/opt/rustwide/workdir)
[INFO] [stdout] error[E0432]: unresolved import `opentelemetry_api::metrics`
[INFO] [stdout]  --> src/testing/metric.rs:3:24
[INFO] [stdout]   |
[INFO] [stdout] 3 | use opentelemetry_api::metrics::Result;
[INFO] [stdout]   |                        ^^^^^^^ could not find `metrics` in `opentelemetry_api`
[INFO] [stdout] 
[INFO] [stdout] 
[INFO] [stdout] error[E0433]: failed to resolve: could not find `metrics` in the crate root
[INFO] [stdout]  --> src/testing/metric.rs:7:5
[INFO] [stdout]   |
[INFO] [stdout] 7 |     metrics::{aggregators::Aggregator, sdk_api::Descriptor},
[INFO] [stdout]   |     ^^^^^^^ could not find `metrics` in the crate root
[INFO] [stdout] 
[INFO] [stdout] 
[INFO] [stdout] error[E0433]: failed to resolve: could not find `testing` in `opentelemetry_api`
[INFO] [stdout]   --> src/testing/trace.rs:11:28
[INFO] [stdout]    |
[INFO] [stdout] 11 | pub use opentelemetry_api::testing::trace::TestSpan;
[INFO] [stdout]    |                            ^^^^^^^ could not find `testing` in `opentelemetry_api`
[INFO] [stdout] 
[INFO] [stdout] 
[INFO] [stdout] error[E0432]: unresolved import `crate::export::metrics`
[INFO] [stdout]  --> src/testing/metric.rs:6:13
[INFO] [stdout]   |
[INFO] [stdout] 6 |     export::metrics::{AggregatorSelector, Checkpointer, LockedCheckpointer, Processor},
[INFO] [stdout]   |             ^^^^^^^ could not find `metrics` in `export`
[INFO] [stdout] 
[INFO] [stdout] 
[INFO] [stdout] error[E0433]: failed to resolve: use of undeclared crate or module `tokio`
[INFO] [stdout]   --> src/testing/trace.rs:80:16
[INFO] [stdout]    |
[INFO] [stdout] 80 |     tx_export: tokio::sync::mpsc::UnboundedSender<SpanData>,
[INFO] [stdout]    |                ^^^^^ use of undeclared crate or module `tokio`
[INFO] [stdout] 
[INFO] [stdout] 
[INFO] [stdout] error[E0433]: failed to resolve: use of undeclared crate or module `tokio`
[INFO] [stdout]   --> src/testing/trace.rs:81:18
[INFO] [stdout]    |
[INFO] [stdout] 81 |     tx_shutdown: tokio::sync::mpsc::UnboundedSender<()>,
[INFO] [stdout]    |                  ^^^^^ use of undeclared crate or module `tokio`
[INFO] [stdout] 
[INFO] [stdout] 
[INFO] [stdout] error[E0433]: failed to resolve: use of undeclared crate or module `tokio`
[INFO] [stdout]    --> src/testing/trace.rs:105:5
[INFO] [stdout]     |
[INFO] [stdout] 105 |     tokio::sync::mpsc::UnboundedReceiver<SpanData>,
[INFO] [stdout]     |     ^^^^^ use of undeclared crate or module `tokio`
[INFO] [stdout] 
[INFO] [stdout] 
[INFO] [stdout] error[E0433]: failed to resolve: use of undeclared crate or module `tokio`
[INFO] [stdout]    --> src/testing/trace.rs:106:5
[INFO] [stdout]     |
[INFO] [stdout] 106 |     tokio::sync::mpsc::UnboundedReceiver<()>,
[INFO] [stdout]     |     ^^^^^ use of undeclared crate or module `tokio`
[INFO] [stdout] 
[INFO] [stdout] 
[INFO] [stdout] error[E0433]: failed to resolve: use of undeclared crate or module `tokio`
[INFO] [stdout]    --> src/testing/trace.rs:108:34
[INFO] [stdout]     |
[INFO] [stdout] 108 |     let (tx_export, rx_export) = tokio::sync::mpsc::unbounded_channel();
[INFO] [stdout]     |                                  ^^^^^ use of undeclared crate or module `tokio`
[INFO] [stdout] 
[INFO] [stdout] 
[INFO] [stdout] error[E0433]: failed to resolve: use of undeclared crate or module `tokio`
[INFO] [stdout]    --> src/testing/trace.rs:109:38
[INFO] [stdout]     |
[INFO] [stdout] 109 |     let (tx_shutdown, rx_shutdown) = tokio::sync::mpsc::unbounded_channel();
[INFO] [stdout]     |                                      ^^^^^ use of undeclared crate or module `tokio`
[INFO] [stdout] 
[INFO] [stdout] 
[INFO] [stdout] error[E0433]: failed to resolve: use of undeclared crate or module `tokio`
[INFO] [stdout]    --> src/testing/trace.rs:134:14
[INFO] [stdout]     |
[INFO] [stdout] 134 | impl<T> From<tokio::sync::mpsc::error::SendError<T>> for TestExportError {
[INFO] [stdout]     |              ^^^^^ use of undeclared crate or module `tokio`
[INFO] [stdout] 
[INFO] [stdout] 
[INFO] [stdout] error[E0433]: failed to resolve: use of undeclared crate or module `tokio`
[INFO] [stdout]    --> src/testing/trace.rs:135:18
[INFO] [stdout]     |
[INFO] [stdout] 135 |     fn from(err: tokio::sync::mpsc::error::SendError<T>) -> Self {
[INFO] [stdout]     |                  ^^^^^ use of undeclared crate or module `tokio`
[INFO] [stdout] 
[INFO] [stdout] 
[INFO] [stdout] error: aborting due to 12 previous errors
[INFO] [stdout] 
[INFO] [stdout] 
[INFO] [stdout] Some errors have detailed explanations: E0432, E0433.
[INFO] [stdout] 
[INFO] [stdout] For more information about an error, try `rustc --explain E0432`.
[INFO] [stdout] 
[INFO] [stderr] error: could not compile `opentelemetry_sdk` (lib test) due to 13 previous errors
[INFO] running `Command { std: "docker" "inspect" "bb4ad334f2754ccca7cdef572d5231e21f4fe539d432c4277ef0d2c78be9df90", kill_on_drop: false }`
[INFO] running `Command { std: "docker" "rm" "-f" "bb4ad334f2754ccca7cdef572d5231e21f4fe539d432c4277ef0d2c78be9df90", kill_on_drop: false }`
[INFO] [stdout] bb4ad334f2754ccca7cdef572d5231e21f4fe539d432c4277ef0d2c78be9df90
